/(-22)*((-4)/(-1) - 6).
40
Suppose 72*g = 69*g - 57. Calculate the remainder when -2 + g/(76/(-480)) is divided by 20.
18
Suppose 3*m = 3*x + 11574, -30*x - 19266 = -5*m - 31*x. What is the remainder when m is divided by 17?
12
Suppose -2541 - 1881 = -59*o - 1236. Calculate the remainder when 1421 is divided by o.
17
Calculate the remainder when 125 is divided by 37 + (-3 - (11 - 0)).
10
Suppose 7*v = 13*v + 60. Let r be (7/(-2))/((45/v)/9). Let s(o) = -o**2 + 9*o - 5. What is the remainder when 15 is divided by s(r)?
6
Let n(o) = -15*o + 6. Suppose -241*s = -250*s + 513. What is the remainder when s is divided by n(-1)?
15
Let y be (-9 + 1)*1 + -5. Suppose 2*m + 3*p = 54, 2*m - 3*p = -m + 81. Let x = m + y. Calculate the remainder when 21 is divided by x.
7
Let h(k) = k**3 - 4*k**2 - 22*k + 42. What is the remainder when 99 is divided by h(7)?
29
Let i(r) = -3*r**3 + r**2 + r. Suppose 62 - 60 = -q. What is the remainder when i(-2) is divided by ((-47)/141)/(q/96)?
10
Let k(p) = 6*p**3 + 3*p**2 - 14*p + 4. Let c be k(4). Let w = c + -299. What is the remainder when w is divided by 24?
9
Let x = 14 + 12. Suppose -1 = -3*t + x. Suppose -t*f - 86 = -11*f. What is the remainder when 169 is divided by f?
40
Calculate the remainder when 0 + (-1 - -1)/2 - (1545 + -1693) is divided by 10.
8
Suppose 3*u - 88 + 34 = 2*c, -72 = -4*u + 5*c. Let l = -32 - -97. Calculate the remainder when l is divided by u.
11
Suppose -3*y = -3*l - 54, 0 = 4*y - l + 20 - 104. Calculate the remainder when 108 is divided by y.
20
Suppose 2*d - 25 = -27. Let q be (-28)/210 - (86/30 - d). Let j(u) = -u**2 - 7*u - 9. What is the remainder when 13 is divided by j(q)?
1
Suppose 2*n - 3 - 61 = 0. Let f be (1 - -1) + (-6)/9*-3. Suppose 5*t + 17 = -5*h + 117, -2*h = -f. Calculate the remainder when n is divided by t.
14
Suppose 4*k = -5*z + 445, -4*k = -5*z + 487 - 2. Suppose -j = 3*j - 32. Let c = 16 + j. What is the remainder when z is divided by c?
21
Suppose -4*t = -4*f - 4, 5*f + 0*t - t + 1 = 0. Suppose 4*u + f*u + 451 = 3*d, 0 = -4*d - u + 614. Calculate the remainder when d is divided by 39.
36
Suppose 205 - 133 = 5*a - 2*c, 4*c - 16 = 0. Let d(y) = -15*y + 2. Calculate the remainder when d(-4) is divided by a.
14
Suppose -7*f + 34 = 13. Suppose 88*r = 89*r + f*t - 9, -5*r + 28 = -2*t. What is the remainder when 10 is divided by r?
4
Let l(j) = j**2 + 5*j - 12. Let z be l(-7). Let c(r) = 9*r - 12. Let g = -30 + 50. What is the remainder when g is divided by c(z)?
2
Suppose 29*f + 407491 = 190*f. What is the remainder when f is divided by 169?
165
Let r(u) = u**2 + 10*u + 6. Let c be r(-10). Calculate the remainder when 45 is divided by (-2 + (-51)/c)*56/(-42).
3
Suppose -5*s - 2605 = -15*b, -3*b - 5*s + 2*s = -537. What is the remainder when 1739 is divided by b?
164
Let s = 3769 - 3753. Let l = 49 + 7. Calculate the remainder when l is divided by s.
8
Let o(s) = -9*s + 6. Let f be o(1). Let y be ((-76)/(-16) + f)*(-12)/(-3). Suppose -y*i = -3*i - 68. Calculate the remainder when 60 is divided by i.
9
Suppose -24*j = -19*j - 20. Suppose j*v + 4*l = 20, -3*v - l = l - 18. Let z = 139 - 97. Calculate the remainder when z is divided by v.
2
Let o(z) = 15*z - 19. Let i be o(18). Suppose 3 - 4 = -v, -4*w + i = -5*v. What is the remainder when w + (-3 - 12/(-4)) is divided by 13?
12
Let g = 241 - 144. Suppose 0 = -2*m - 333 + 383. What is the remainder when g is divided by m?
22
Suppose -h + 40888 = -5*k, 2*h = -4*k + 33244 + 48532. Calculate the remainder when 4/30 + h/1140 is divided by 6.
0
Suppose -4*n + 185 = n. Suppose -15*l + 231 = 101 - 185. Calculate the remainder when n is divided by l.
16
Let l be (6/7)/(5/70). Let a be 1*l + (4/(-2) - -2). Suppose a*g + 118 = 1354. Calculate the remainder when g is divided by 35.
33
Suppose d - 16 = -11. Suppose -j + d*a - 64 = 8, -3*a - 216 = 3*j. Let k = 80 + j. What is the remainder when 29 is divided by k?
5
Let d(z) = -4*z - 1. Let a be 15086/171 + (-2)/9. Let c = -71 + a. What is the remainder when c is divided by d(-4)?
2
Let i(v) = -v**2 - 18*v - 23. Let l be (32/3 - 0)*30/(-20). What is the remainder when 23 is divided by i(l)?
5
Suppose 0 = -3*k - l - 86, 4*l = -1 - 7. Let o = -12 - k. Calculate the remainder when (7/(-3))/(799/(-9306) - (-2)/36) is divided by o.
13
Calculate the remainder when ((-1293)/15 - (8 + -16))/((-2)/10) is divided by 10.
1
Let w = -58 + -26. Let l be w/(-30) + (-2 - (-12)/10). What is the remainder when (-5)/(-1)*(11 + l) is divided by 6?
5
Suppose -3*d + 381 = -3*k, -3*d + 4*k + 100 = -287. What is the remainder when 1326 is divided by d?
116
Let o = -127 - -151. Suppose -255 = -29*g + o*g. What is the remainder when 305 is divided by g?
50
Let v = -9 - -46. Suppose x - v = 145. Suppose -x - 126 = -4*o. Calculate the remainder when o is divided by 13.
12
Calculate the remainder when 419 is divided by 621875/2625 + (-4)/(-42).
182
Let j(m) = -24*m**3 - 8*m**2 - 226*m - 864. What is the remainder when j(-4) is divided by 375?
323
Calculate the remainder when (18/60)/((-2)/(-12))*460/3 is divided by 47.
41
Let k = 11687 - 6974. What is the remainder when k is divided by 115?
113
Suppose 67*x = -10*x + 5*x + 9576. Calculate the remainder when 410 is divided by x.
11
Suppose 170 = 8*w - 3*w. Suppose -71 = -g - 3*j, -399*j - 45 = -394*j. Calculate the remainder when g is divided by w.
30
What is the remainder when (-24 + -3)/(-3 + 2) is divided by 285/(-76)*(7/(-3) + 1)?
2
What is the remainder when (-207)/966 + (-17783)/(-14) is divided by 22?
16
Suppose 17*b + b = 4*s - 4326, -12 = -4*b. Calculate the remainder when s is divided by 297.
204
Let j(z) = -3*z + 102. Let c be j(24). Suppose -4*n + 42 = -x, -c = 2*n - 4*n - 4*x. Calculate the remainder when n is divided by 3.
2
Let f be 2/2*-30*72/(-16). Let n = f + -129. Calculate the remainder when 57 is divided by n.
3
Suppose 3*l = 5*m + 113, -10*m + 83 = 4*l - 7*m. What is the remainder when 202 is divided by l?
20
Let p(m) be the second derivative of -9*m**5/20 - 17*m**4/6 - 5*m**3/6 - 9*m**2/2 - 60*m - 2. What is the remainder when p(-4) is divided by 13?
4
Suppose 0 = 4*a - 5*z + 161, 117 = -3*a - 0*z + 5*z. What is the remainder when (a/(-33))/(2/171) is divided by 32?
18
Suppose 0 = -4*d - 5*d + 18. Suppose -3*r - d*t = -53, 2*r - 14 = 6*t - 2*t. Suppose 0 = -6*i + 314 - 68. Calculate the remainder when i is divided by r.
11
What is the remainder when 18863 is divided by (-10846)/(-680) - (5/(-100))/1?
15
Let m(v) = 565*v - 523. Calculate the remainder when m(11) is divided by 85.
82
Suppose -82 = -4*o - 2*r + 68, -2*o - 2*r + 72 = 0. Suppose -q = 5*j - 33 - 24, 72 = 3*j + 6*q. Calculate the remainder when o is divided by j.
9
What is the remainder when (-52720)/(-48) - 5/15*4 is divided by 44?
41
Let p be (-21)/(-15) - (-3)/5. Suppose -38 = -q + p*u, 62 - 16 = q - 4*u. Let h = q + -19. Calculate the remainder when 54 is divided by h.
10
Let v(b) = b**2 + 11*b + 38. Let m be v(-7). Suppose 24*p - m = 29*p. Calculate the remainder when (-3 - -1) + 41 + 0/p is divided by 21.
18
Let z = 46 + -41. What is the remainder when (-5)/((-5)/(-2)) - (-288)/18 is divided by z?
4
Let o(m) = 2*m**2 + 53*m - 857. What is the remainder when 139 is divided by o(-39)?
21
Suppose 2265*j - 110 = 2255*j. Calculate the remainder when (648/(-60))/(2/(-10)) is divided by j.
10
Suppose 141 = 3*b - 8*z, -b + 31 = 2*z - 16. Let x(p) = 3*p**2 - 11*p - 6. Let d be 2/8*5*8. What is the remainder when x(d) is divided by b?
43
Suppose -7*i = -3*i - 64. Suppose 0 = 8*a - 336 + 16. Suppose -27*k + a*k - 611 = 0. Calculate the remainder when k is divided by i.
15
Suppose 9*r - 4*r = l - 12, 5*l + 3*r = 32. Calculate the remainder when 3460 is divided by l.
2
Suppose 3*k - 13 = 2*k + 4*s, -k + 3*s = -14. Suppose -1769 = -64*j + 3479. Calculate the remainder when j is divided by k.
14
Suppose 10*t = 4*t - 804. Let c = 33 - t. Calculate the remainder when c is divided by 43.
38
Let f = 51 - 27. Let o(w) = -458*w + 2838. Calculate the remainder when o(6) is divided by f.
18
Let d = -18 + 34. Let y(j) = -4*j**3 + 7*j**2 + 7*j + 2. Calculate the remainder when d is divided by y(-1).
4
Let m = -8654 + 8854. What is the remainder when m is divided by 126?
74
Calculate the remainder whe